mon divisor of 945 and 35?
35
Calculate the highest common divisor of 65 and 6097.
13
Calculate the greatest common divisor of 612 and 12546.
306
What is the greatest common factor of 11445 and 105?
105
Calculate the greatest common divisor of 156 and 117.
39
What is the highest common divisor of 2513 and 7?
7
Calculate the greatest common divisor of 82 and 7421.
41
What is the highest common factor of 8 and 11?
1
What is the highest common factor of 92 and 4393?
23
Calculate the greatest common factor of 377 and 26.
13
Calculate the highest common divisor of 618 and 7622.
206
What is the highest common divisor of 2926 and 56?
14
What is the highest common factor of 148 and 259?
37
What is the highest common factor of 4692 and 897?
69
Calculate the highest common factor of 58 and 1450.
58
What is the highest common factor of 15540 and 700?
140
What is the highest common divisor of 754 and 1682?
58
Calculate the greatest common factor of 624 and 444.
12
Calculate the greatest common divisor of 3990 and 15.
15
What is the highest common factor of 2067 and 156?
39
What is the highest common divisor of 310 and 558?
62
What is the greatest common divisor of 400 and 5680?
80
Calculate the highest common divisor of 22 and 5973.
11
What is the highest common factor of 32 and 608?
32
Calculate the highest common factor of 136 and 680.
136
What is the greatest common factor of 238 and 68?
34
Calculate the greatest common factor of 5 and 155.
5
Calculate the greatest common divisor of 598 and 69.
23
What is the highest common divisor of 676 and 650?
26
Calculate the highest common divisor of 110 and 55.
55
Calculate the highest common divisor of 80 and 1510.
10
Calculate the greatest common factor of 72 and 104.
8
What is the greatest common divisor of 2 and 58?
2
Calculate the greatest common factor of 28 and 3892.
28
Calculate the highest common divisor of 574 and 738.
82
What is the highest common divisor of 4 and 64?
4
Calculate the greatest common factor of 1240 and 31930.
310
What is the greatest common divisor of 28 and 714?
14
What is the greatest common factor of 61 and 2257?
61
What is the highest common divisor of 69 and 46?
23
What is the highest common factor of 56 and 6566?
14
Calculate the greatest common divisor of 177 and 59.
59
Calculate the greatest common factor of 15 and 1095.
15
What is the greatest common factor of 46 and 5198?
46
Calculate the greatest common divisor of 575 and 25.
25
What is the highest common factor of 128 and 48?
16
Calculate the highest common divisor of 96 and 1504.
32
Calculate the greatest common factor of 27 and 297.
27
Calculate the greatest common divisor of 9852 and 12.
12
Calculate the greatest common divisor of 68 and 6494.
34
What is the greatest common factor of 1120 and 590?
10
What is the highest common factor of 19 and 152?
19
What is the highest common factor of 46460 and 230?
230
What is the greatest common factor of 2813 and 97?
97
What is the greatest common factor of 1140 and 19?
19
Calculate the greatest common factor of 126 and 27.
9
What is the highest common factor of 405 and 105?
15
What is the highest common factor of 11644 and 8?
4
What is the highest common factor of 351 and 52?
13
Calculate the greatest common factor of 2050 and 615.
205
Calculate the highest common divisor of 42 and 24.
6
What is the highest common factor of 12 and 18?
6
What is the highest common divisor of 18 and 9?
9
Calculate the greatest common factor of 4826 and 494.
38
Calculate the highest common divisor of 18392 and 228.
76
Calculate the greatest common factor of 4 and 2186.
2
What is the highest common divisor of 34 and 7174?
34
What is the greatest common divisor of 2530 and 880?
110
What is the highest common factor of 40 and 41360?
40
What is the greatest common factor of 5 and 155?
5
Calculate the greatest common factor of 2510 and 90.
10
What is the highest common factor of 128 and 28?
4
What is the highest common divisor of 27 and 1053?
27
Calculate the highest common factor of 564 and 12.
12
What is the greatest common divisor of 1043 and 745?
149
What is the highest common factor of 460 and 3312?
92
What is the highest common factor of 153 and 425?
17
Calculate the highest common divisor of 306 and 816.
102
What is the greatest common factor of 681 and 30?
3
What is the greatest common factor of 1071 and 238?
119
What is the highest common factor of 119 and 11356?
17
What is the greatest common factor of 315 and 30?
15
Calculate the greatest common factor of 2492 and 140.
28
Calculate the highest common factor of 432 and 540.
108
Calculate the greatest common factor of 45 and 342.
9
What is the highest common factor of 979 and 209?
11
Calculate the highest common factor of 156 and 3900.
156
Calculate the highest common divisor of 266 and 4123.
133
Calculate the greatest common divisor of 6 and 69.
3
What is the greatest common factor of 216 and 27?
27
What is the greatest common divisor of 938 and 112?
14
What is the greatest common factor of 1632 and 4?
4
What is the greatest common divisor of 957 and 528?
33
Calculate the highest common divisor of 108 and 144.
36
What is the highest common factor of 21 and 48?
3
What is the highest common factor of 160 and 7056?
16
Calculate the highest common factor of 400 and 6480.
80
Calculate the highest common divisor of 84 and 10020.
12
Calculate the highest common divisor of 132 and 144.
12
Calculate the greatest common divisor of 10 and 30.
10
What is the highest common divisor of 820 and 180?
20
What is the greatest common divisor of 20850 and 375?
75
Calculate the greatest common factor of 276 and 48.
12
Calculate the highest common divisor of 2696 and 1685.
337
What is the greatest common factor of 403 and 961?
31
Calculate the highest common divisor of 202 and 303.
101
Calculate the greatest common factor of 534 and 6.
6
Calculate the greatest common factor of 44 and 9020.
44
What is the highest common factor of 26 and 74282?
26
What is the highest common factor of 2384 and 8?
8
What is the greatest common divisor of 19 and 8569?
19
Calculate the highest common factor of 7722 and 18.
18
Calculate the highest common factor of 417 and 139.
139
Calculate the highest common factor of 78 and 351.
39
What is the highest common factor of 36 and 4?
4
Calculate the greatest common divisor of 154 and 1738.
22
What is the greatest common divisor of 8702 and 114?
38
What is the highest common divisor of 520 and 2840?
40
Calculate the greatest common factor of 42 and 21.
21
What is the highest common divisor of 3431 and 73?
73
What is the greatest common factor of 1035 and 945?
45
Calculate the greatest common factor of 60 and 120.
60
Calculate the highest common factor of 58 and 4.
2
Calculate the greatest common divisor of 23 and 19849.
23
What is the highest common factor of 66 and 14751?
33
Calculate the highest common factor of 135 and 108.
27
Calculate the highest common divisor of 112 and 7856.
16
Calculate the greatest common divisor of 231 and 21.
21
Calculate the highest common factor of 1218 and 4.
2
What is the greatest common divisor of 68 and 8534?
34
What is the greatest common divisor of 36 and 572?
4
Calculate the highest common divisor of 46 and 207.
23
Calculate the greatest common divisor of 48 and 40.
8
Calculate the highest common divisor of 216 and 126.
18
What is the greatest common factor of 9852 and 36?
12
What is the greatest common divisor of 104 and 130?
26
Calculate the greatest common factor of 4864 and 1024.
256
Calculate the highest common factor of 663 and 102.
51
What is the greatest common factor of 22 and 23815?
11
Calculate the highest common factor of 504 and 16506.
126
What is the highest common divisor of 84 and 1458?
6
Calculate the highest common factor of 33 and 19657.
11
Calculate the greatest common factor of 462 and 594.
66
Calculate the highest common factor of 19737 and 43.
43
Calculate the greatest common divisor of 1850 and 296.
74
Calculate the highest common factor of 767 and 13.
13
Calculate the greatest common divisor of 186 and 240.
6
What is the highest common divisor of 12 and 834?
6
What is the greatest common factor of 37155 and 60?
15
What is the greatest common divisor of 1552 and 1455?
97
Calcula